t f(w) = 5*w**2 + 19*w - 148. What is f(4)?
8
Let b(j) = -77*j - 38. Calculate b(-2).
116
Let o(b) = -b**3 - 17*b**2 - 42*b + 11. Give o(-11).
-253
Let c(w) = -4*w**3 - 34*w**2 + 74*w + 1. Give c(2).
-19
Let n(r) = -2*r**2 + 31*r + 398. Determine n(24).
-10
Let r(x) = -x**3 - 3*x**2 + 58*x + 218. Determine r(-4).
2
Let j(c) = -5*c**3 + 381*c**2 - 1165*c - 213. What is j(73)?
6
Let w(m) = 221*m + 14141. Determine w(-64).
-3
Let c(v) = -v**2 - 33*v + 95. Determine c(7).
-185
Let x(a) = -112*a + 6599. Calculate x(59).
-9
Let q(r) = r**3 - 12*r**2 - 13*r + 379. What is q(9)?
19
Let c(v) = -5*v - 72. Calculate c(4).
-92
Let l(k) = 4*k**2 - 3521*k - 21163. Calculate l(-6).
107
Let x(p) = -p**3 + 32*p**2 + 36*p - 79. What is x(33)?
20
Let x(o) = o**2 - 882*o + 12125. What is x(14)?
-27
Let m(g) = -g**3 - 66*g**2 - 80*g - 483. Give m(-65).
492
Let o(z) = -89*z**3 - 185*z**2 - 5*z - 11. What is o(-2)?
-29
Let k(b) = b**3 - 29*b**2 + 36*b - 218. Calculate k(28).
6
Let m(t) = 2*t**3 - 17*t**2 - 144*t - 65. What is m(-5)?
-20
Let a(p) = p**2 - 32*p + 203. Give a(24).
11
Let j(u) = u**2 + 7*u - 449. Determine j(-15).
-329
Let u(x) = -x**3 + 15*x**2 + 109*x + 37. What is u(-5)?
-8
Let m(z) = 15*z + 506. Give m(-33).
11
Let c(n) = -n**3 + 45*n**2 - 92*n + 248. Determine c(43).
-10
Let p(m) = 8*m**2 - 48*m + 313. Give p(10).
633
Let o(i) = -5*i**3 + 5*i**2 + i - 15. Determine o(2).
-33
Let n(g) = -78*g - 2433. Give n(-31).
-15
Let b(q) = -q**2 - 60*q + 113. Calculate b(-62).
-11
Let v(a) = 63*a + 1583. What is v(-25)?
8
Let a(u) = -u**3 - 29*u**2 + 174*u - 15. Calculate a(5).
5
Let w(y) = -30*y - 274. What is w(-9)?
-4
Let j(f) = f - 70. Give j(69).
-1
Let q(m) = -m**3 + 283*m**2 - 2992*m - 4. Calculate q(11).
-4
Let w(i) = -3*i**3 - 118*i**2 + 84*i + 53. Calculate w(-40).
-107
Let y(b) = b**3 + 61*b**2 + 251*b + 95. What is y(-4)?
3
Let b(o) = -o**2 - 212*o - 1048. Give b(-5).
-13
Let s(v) = 3536*v + 3524. What is s(-1)?
-12
Let v(l) = l**3 + 9*l**2 - 5*l - 4. Determine v(4).
184
Let h(r) = -r**3 - r**2 + 16*r + 322. What is h(0)?
322
Let y(l) = 2*l**3 + 10*l**2 - 12*l - 5. Determine y(-6).
-5
Let d(l) = -1393*l - 57082. Give d(-41).
31
Let u(q) = -44*q**2 + 668*q + 13. Calculate u(15).
133
Let a(b) = 6*b**2 + 21*b + 43. Calculate a(-4).
55
Let q(w) = w**3 - 12*w**2 + 205*w - 2116. What is q(11)?
18
Let s(v) = v**3 + 5*v**2 + 173*v + 842. What is s(-5)?
-23
Let d(p) = p**3 - 42*p**2 + 49*p - 147. Calculate d(41).
181
Let q(l) = 26*l**2 - 199*l - 75. Calculate q(8).
-3
Let t(c) = -c**2 + 9*c + 779. Determine t(33).
-13
Let c(w) = 50*w + 1145. Give c(-23).
-5
Let x(t) = -t**3 + 5*t**2 + 35*t - 177. Give x(9).
-186
Let l(u) = u + 22. Determine l(-4).
18
Let a(l) = -129*l - 7719. Give a(-60).
21
Let w(b) = -25*b**2 - b + 12. Calculate w(2).
-90
Let l(s) = 116*s - 3088. Determine l(27).
44
Let w(l) = -5*l**3 + 9*l + 13. Give w(-3).
121
Let l(d) = -742*d - 11877. Give l(-16).
-5
Let d(a) = -8219*a - 49303. Determine d(-6).
11
Let t(o) = -2*o**2 - 58*o - 26. What is t(-29)?
-26
Let f(p) = p**3 - 4*p - 254. What is f(0)?
-254
Let u(h) = 4*h**2 + 294*h + 2105. Calculate u(-8).
9
Let h(x) = -9566*x + 47846. What is h(5)?
16
Let p(o) = o**3 + 85*o**2 - 87*o - 85. What is p(-86)?
1
Let z(w) = -2019*w + 82789. Determine z(41).
10
Let l(q) = 43*q**2 + 7*q + 3. What is l(-1)?
39
Let h(x) = 129*x + 1718. Calculate h(-12).
170
Let c(q) = -3*q**2 - 20*q + 105. Calculate c(-10).
5
Let k(c) = c**3 + 16*c**2 + 15*c - 51. Determine k(-15).
-51
Let x(d) = -58*d + 911. What is x(16)?
-17
Let o(v) = 142*v - 444. Calculate o(4).
124
Let z(g) = 514*g + 868. Give z(-2).
-160
Let b(s) = -22*s - 2739. Give b(-122).
-55
Let h(p) = -34*p + 969. Determine h(27).
51
Let u(a) = 1851*a - 7413. Determine u(4).
-9
Let i(q) = -q**3 - 13*q**2 + q - 45. Give i(-14).
137
Let w(s) = s**3 + 3*s**2 + 16. Give w(-6).
-92
Let x(m) = -m**2 + 55*m + 104. What is x(57)?
-10
Let s(k) = 2*k**3 + 77*k**2 - 45*k - 260. What is s(-39)?
-26
Let t(n) = 2*n**3 + 30*n**2 - 109*n - 8. Calculate t(-18).
10
Let h(s) = s**2 - 583*s - 4740. What is h(-8)?
-12
Let v(m) = -37*m - 332. Determine v(-10).
38
Let o(n) = n**2 - 58*n + 841. Determine o(25).
16
Let c(h) = 21*h**2 - 612*h + 88. Calculate c(29).
1
Let j(x) = -x**3 + 27*x**2 - 103*x + 37. What is j(23)?
-216
Let b(l) = 4*l**2 + 43*l - 28. Give b(9).
683
Let m(h) = -10*h + 123. Give m(12).
3
Let f(y) = -y**3 + 7*y**2 - 11*y - 48. Calculate f(-5).
307
Let z(y) = -y**3 - 4*y**2 + 28*y. Give z(-7).
-49
Let d(t) = 3*t**2 + 5*t - 225. Calculate d(-15).
375
Let i(l) = 2*l**2 - 31*l - 180. What is i(-5)?
25
Let f(o) = 10*o**2 + 120*o + 14. Calculate f(-7).
-336
Let f(p) = -4*p**2 - 196*p - 340. Determine f(-47).
36
Let a(m) = -1126*m + 231948. Calculate a(206).
-8
Let w(a) = -29*a + 1825. Give w(63).
-2
Let q(w) = -w**2 - 105*w - 2335. Determine q(-32).
1
Let f(b) = 8*b**2 - 352*b + 18. Give f(44).
18
Let w(s) = -3227*s + 16139. Calculate w(5).
4
Let r(q) = -q**2 - 2*q + 101. What is r(-11)?
2
Let j(k) = 198*k + 592. Determine j(-3).
-2
Let h(f) = f**3 + 7*f**2 - 36*f - 51. Give h(-10).
9
Let r(d) = 280*d + 858. Give r(-3).
18
Let r(y) = 2*y**2 + 27*y + 71. Give r(-12).
35
Let d(o) = -15897*o - 95387. Calculate d(-6).
-5
Let q(z) = 24*z - 909. Calculate q(38).
3
Let b(n) = -2*n**2 + 82*n + 441. What is b(46)?
-19
Let d(l) = 116*l + 347. Calculate d(-3).
-1
Let s(w) = -2*w**2 - 59*w - 2. Give s(-29).
27
Let a(j) = -j**2 - 257*j - 15569. Give a(-159).
13
Let o(k) = k**2 + 5*k + 44. Calculate o(-11).
110
Let f(s) = 165*s - 522. What is f(3)?
-27
Let o(b) = b - 53. Give o(3).
-50
Let r(u) = 127*u + 95. Give r(0).
95
Let t(z) = -87*z - 1856. Give t(-22).
58
Let d(w) = 14*w + 1730. Calculate d(-55).
960
Let s(b) = -b**2 + 2146*b - 10712. What is s(5)?
-7
Let t(u) = u**2 + 548*u - 3826. What is t(7)?
59
Let t(y) = -1799*y - 21602. Give t(-12).
-14
Let w(v) = -29*v**3 + 405*v**2 + 32*v - 249. Calculate w(14).
3
Let c(q) = 6915*q + 110635. Calculate c(-16).
-5
Let t(d) = -3*d**3 - 139*d**2 - 398*d + 1371. Give t(-43).
-5
Let r(k) = -k**3 + 10*k**2 + 24*k - 54. What is r(11)?
89
Let u(t) = -3*t**2 - 162*t - 447. Give u(-3).
12
Let f(d) = -2*d**2 - 2230*d - 15568. Calculate f(-7).
-56
Let b(f) = f**3 - 3*f**2 - 15*f + 9. Determine b(5).
-16
Let x(n) = -2*n**3 + 53*n**2 - 70*n - 120. Give x(25).
5
Let u(k) = 2*k**3 + 12*k**2 + 2*k - 16. Give u(-7).
-128
Let x(n) = -2*n**3 - 35*n**2 - 20*n - 35. Calculate x(-17).
16
Let r(z) = -18*z**2 + 52*z - 19. What is r(3)?
-25
Let h(x) = 5*x**2 + 26*x - 124. What is h(-9)?
47
Let b(a) = 760*a - 4556. Give b(6).
4
Let c(s) = 88*s + 335. What is c(0)?
335
Let p(r) = -30*r**2 + 231*r + 79. Give p(8).
7
Let o(r) = -2*r**2 + 102. Calculate o(-10).
-98
Let x(w) = 804*w + 1568. Give x(-2).
-40
Let p(f) = 36*f + 604. Give p(-6).
388
Let o(n) = -n**3 + 2*n**2 + 32*n + 3. Calculate o(7).
-18
Let w(l) = 65*l + 491. Determine w(-7).
36
Let n(c) = 21*c - 146. What is n(8)?
22
Let k(f) = 53*f + 1177. Determine k(-22).
11
Let s(n) = -2*n**3 - 2*n**2 - 4*n + 1. Determine s(-4).
113
Let l(p) = p**3 - 3*p**2 - 7*p - 16. Give l(5).
-1
Let c(j) = -3*j**2 + 23*j + 90. Determine c(9).
54
Let y(g) = 324*g + 2055. Determine y(-6).
111
Let k(n) = -n**2 + 37*n + 1857. What is k(65)?
37
Let k(a) = -193*a + 43983. Give k(228).
-21
Let v(a) = -a**3 - 30*a**2 - 18*a - 2594. What is v(-32)?
30
Let v(p) = -1448*p + 7225. Calculate v(5).
-15
Let d(a) = -198*a**2 - 40389*a + 617. What is d(-204)?
5
Let l(s) = 15*s - 237. Give l(-6).
-327
Let k(l) = l**3 + 13*l**2 - 3*l - 39. What is k(-13)?
0
Let m(g) = -285*g + 1481. Give m(4).
341
Let p(j) = 60*j + 340. What is p(-3)?
160
Let y(t) = -154*t**2 - 1082*t - 68. Determine y(-7).
-40
Let z(c) = 552*c + 559. Determine z(-1).
7
Let r(g) = g**3 + 24*g**2 + 26*g + 37. Calculate r(-23).
-32
Let g(k) = 109*k - 4488. Calculate g(40).
-128
Let a(d) = -13*d**2 + 4*d - 13. Calculate a(4).
-205
Let z(w) = -w**3 + 7*w**2 - 261*w + 1250. Calculate z(5).
-5
Let t(z) = 3*z - 3. Give t(12).
33
Let o(p) = 2*p**3 + 15*p**2 + 23*p + 203. What is o(-8)?
-45
Let l(i) = i**2 + 9*i - 120. Determine l(-13).
-68
Let n(m) = 25*m**2 + 1025*m + 10. Give n(-41).
10
Let v(k) = -31*k - 1416. Give v(-44).
-52
Let r(h) = 2*h**3 + 50*h**2 + 14*h + 333. Determine 